971?
6
What is the hundreds digit of 1247827?
8
What is the hundreds digit of 2280547?
5
What is the ten thousands digit of 1719530?
1
What is the tens digit of 1079566?
6
What is the units digit of 24686637?
7
What is the hundred thousands digit of 339401?
3
What is the ten thousands digit of 624965?
2
What is the ten thousands digit of 1138949?
3
What is the hundred thousands digit of 22943333?
9
What is the hundreds digit of 1642729?
7
What is the hundreds digit of 9049679?
6
What is the hundred thousands digit of 10601929?
6
What is the units digit of 13794494?
4
What is the hundreds digit of 324529?
5
What is the tens digit of 3737917?
1
What is the ten thousands digit of 790506?
9
What is the tens digit of 10009527?
2
What is the hundred thousands digit of 2799383?
7
What is the thousands digit of 1048764?
8
What is the ten millions digit of 20293727?
2
What is the millions digit of 1478174?
1
What is the units digit of 84254?
4
What is the tens digit of 449018?
1
What is the hundred thousands digit of 19243970?
2
What is the ten thousands digit of 2548509?
4
What is the hundreds digit of 326862?
8
What is the units digit of 425636?
6
What is the tens digit of 917658?
5
What is the millions digit of 4649290?
4
What is the millions digit of 11592568?
1
What is the ten thousands digit of 19489559?
8
What is the thousands digit of 4759124?
9
What is the ten thousands digit of 2483033?
8
What is the tens digit of 300156?
5
What is the hundreds digit of 83458?
4
What is the hundred thousands digit of 377426?
3
What is the hundred thousands digit of 1305943?
3
What is the tens digit of 3300504?
0
What is the thousands digit of 126492?
6
What is the units digit of 495960?
0
What is the hundred thousands digit of 2117823?
1
What is the millions digit of 6087717?
6
What is the thousands digit of 28177?
8
What is the ten thousands digit of 1627359?
2
What is the ten thousands digit of 4559889?
5
What is the hundred thousands digit of 10952881?
9
What is the hundred thousands digit of 4792421?
7
What is the units digit of 208219?
9
What is the hundred thousands digit of 350697?
3
What is the hundreds digit of 863?
8
What is the units digit of 755997?
7
What is the ten thousands digit of 795367?
9
What is the hundreds digit of 227481?
4
What is the units digit of 1496104?
4
What is the hundreds digit of 1909943?
9
What is the hundreds digit of 221733?
7
What is the thousands digit of 38414?
8
What is the units digit of 515410?
0
What is the tens digit of 2518665?
6
What is the thousands digit of 2142020?
2
What is the ten thousands digit of 19252030?
5
What is the ten thousands digit of 4368211?
6
What is the hundred thousands digit of 521995?
5
What is the hundred thousands digit of 336802?
3
What is the thousands digit of 3378794?
8
What is the units digit of 78254?
4
What is the units digit of 85376?
6
What is the units digit of 6611931?
1
What is the hundreds digit of 22831255?
2
What is the millions digit of 1894120?
1
What is the units digit of 7893933?
3
What is the millions digit of 3023552?
3
What is the hundreds digit of 5050175?
1
What is the ten thousands digit of 1715186?
1
What is the hundreds digit of 3901104?
1
What is the tens digit of 20670014?
1
What is the ten thousands digit of 875998?
7
What is the thousands digit of 663251?
3
What is the units digit of 2401646?
6
What is the units digit of 4597205?
5
What is the units digit of 297616?
6
What is the tens digit of 199989?
8
What is the hundreds digit of 11499758?
7
What is the units digit of 4322344?
4
What is the hundred thousands digit of 1344827?
3
What is the hundred thousands digit of 966826?
9
What is the thousands digit of 18034854?
4
What is the tens digit of 12733?
3
What is the thousands digit of 627767?
7
What is the thousands digit of 562888?
2
What is the tens digit of 1307101?
0
What is the thousands digit of 202155?
2
What is the ten thousands digit of 2053411?
5
What is the thousands digit of 11890436?
0
What is the units digit of 21617?
7
What is the tens digit of 1912634?
3
What is the thousands digit of 2181572?
1
What is the tens digit of 986010?
1
What is the units digit of 356337?
7
What is the ten thousands digit of 556793?
5
What is the tens digit of 79540?
4
What is the units digit of 677704?
4
What is the millions digit of 1315274?
1
What is the tens digit of 148096?
9
What is the units digit of 153402?
2
What is the hundreds digit of 377898?
8
What is the units digit of 156736?
6
What is the ten thousands digit of 2378154?
7
What is the tens digit of 169481?
8
What is the thousands digit of 83332?
3
What is the tens digit of 135796?
9
What is the thousands digit of 469171?
9
What is the ten thousands digit of 13278217?
7
What is the ten thousands digit of 1020262?
2
What is the millions digit of 5193709?
5
What is the hundreds digit of 13801127?
1
What is the hundred thousands digit of 11935447?
9
What is the tens digit of 189965?
6
What is the tens digit of 17482?
8
What is the hundred thousands digit of 4870662?
8
What is the hundreds digit of 225976?
9
What is the millions digit of 1372174?
1
What is the hundreds digit of 4187139?
1
What is the hundred thousands digit of 4687817?
6
What is the thousands digit of 169798?
9
What is the units digit of 4523738?
8
What is the ten thousands digit of 44079?
4
What is the millions digit of 20809525?
0
What is the hundred thousands digit of 2527574?
5
What is the hundreds digit of 5037997?
9
What is the hundreds digit of 1460845?
8
What is the hundreds digit of 263745?
7
What is the thousands digit of 8075?
8
What is the units digit of 124120?
0
What is the tens digit of 4729788?
8
What is the thousands digit of 167287?
7
What is the units digit of 1761327?
7
What is the thousands digit of 320120?
0
What is the ten thousands digit of 413576?
1
What is the hundreds digit of 113823?
8
What is the tens digit of 1323094?
9
What is the ten thousands digit of 773983?
7
What is the tens digit of 331661?
6
What is the ten thousands digit of 6233627?
3
What is the ten thousands digit of 791319?
9
What is the tens digit of 30595?
9
What is the ten thousands digit of 379100?
7
What is the ten thousands digit of 192953?
9
What is the tens digit of 101867?
6
What is the thousands digit of 483533?
3
What is the tens digit of 659336?
3
What is the tens digit of 3784437?
3
What is the units digit of 1382065?
5
What is the tens digit of 7106075?
7
What is the units digit of 226538?
8
What is the tens digit of 1366962?
6
What is the tens digit of 7975749?
4
What is the hundred thousands digit of 5677035?
6
What is the hundreds digit of 779498?
4
What is the ten thousands digit of 7824749?
2
What is the tens digit of 3091144?
4
What is the thousands digit of 133778?
3
What is the units digit of 7173647?
7
What is the tens digit of 550894?
9
What is the units digit of 1381439?
9
What is the ten millions digit of 22050495?
2
What is the tens digit of 2204396?
9
What is the units digit of 15590?
0
What is the tens digit of 124291?
9
What is the hundred thousands digit of 248205?
2
What is the units digit of 32693?
3
What is the hundred thousands digit of 199820?
1
What is the hundreds digit of 436267?
2
What is the ten thousands digit of 2373549?
7
What is the millions digit of 9964735?
9
What is the thousands digit of 2635898?
5
What is the hundred thousands digit of 15731804?
7
What is the ten thousands digit of 7735066?
3
What is the tens digit of 150025?
2
What is the ten thousands digit of 4922404?
2
What is the ten thousands digit of 28326579?
2
What is the hundreds digit of 203112?
1
What is the tens digit of 923156?
5
What is the tens digit of 42955?
5
What is the millions digit of 25209592?
5
What is the hundred thousands digit of 804631?
8
What is the thousands digit of 393326?
3
What is the units digit of 93304?
4
What is the ten thousands digit of 82099?
8
What is the thousands digit of 1122874?
2
What is the thousands digit of 890973?
0
What is the ten thousands digit of 31970425?
7
What is the hundred thousands digit of 1962208?
9
What is the hundreds digit of 7929174?
1
What is the tens digit of 739918?
1
What is the thousands digit of 36081900?
1
What is the ten thousands digit of 2589561?
8
What is the units